greatest common divisor of 1329 and 6?
3
Calculate the highest common divisor of 57 and 399.
57
What is the highest common factor of 32 and 12?
4
Calculate the greatest common factor of 30 and 680.
10
Calculate the greatest common divisor of 13 and 13312.
13
What is the greatest common divisor of 107 and 2461?
107
Calculate the highest common factor of 12 and 66.
6
Calculate the highest common factor of 387 and 18.
9
What is the highest common factor of 32 and 368?
16
Calculate the greatest common divisor of 424 and 33284.
212
What is the greatest common factor of 32 and 496?
16
What is the highest common divisor of 60 and 6345?
15
What is the greatest common factor of 33 and 66?
33
Calculate the greatest common factor of 44 and 3674.
22
Calculate the greatest common divisor of 500 and 370.
10
What is the highest common factor of 6960 and 493?
29
What is the highest common divisor of 4616 and 40?
8
What is the highest common factor of 54 and 12?
6
What is the highest common divisor of 253 and 23?
23
Calculate the highest common factor of 147 and 3234.
147
What is the highest common factor of 39 and 221?
13
What is the greatest common factor of 31975 and 25?
25
What is the greatest common divisor of 257 and 49601?
257
What is the highest common divisor of 3222 and 144?
18
What is the highest common factor of 85 and 544?
17
Calculate the highest common factor of 504 and 1953.
63
What is the greatest common divisor of 12 and 220?
4
What is the greatest common factor of 2492 and 534?
178
What is the highest common factor of 144 and 171?
9
Calculate the highest common divisor of 22688 and 128.
32
Calculate the highest common factor of 80 and 77680.
80
Calculate the greatest common factor of 669 and 3.
3
Calculate the highest common divisor of 7106 and 152.
38
What is the highest common factor of 8 and 332?
4
What is the greatest common divisor of 132 and 12?
12
What is the greatest common factor of 96 and 4536?
24
What is the greatest common divisor of 185 and 111?
37
What is the highest common factor of 114 and 5472?
114
What is the greatest common factor of 68 and 119?
17
Calculate the greatest common factor of 24 and 10.
2
What is the greatest common factor of 225 and 125?
25
What is the highest common factor of 319 and 203?
29
Calculate the highest common factor of 583 and 53.
53
Calculate the greatest common divisor of 42 and 8253.
21
Calculate the greatest common factor of 1520 and 80.
80
What is the highest common factor of 16 and 424?
8
Calculate the greatest common divisor of 7047 and 81.
81
What is the highest common divisor of 2 and 29?
1
What is the highest common factor of 88 and 48?
8
What is the greatest common factor of 480 and 15?
15
Calculate the greatest common factor of 462 and 672.
42
What is the highest common factor of 46886 and 119?
119
Calculate the highest common factor of 5850 and 72.
18
What is the highest common divisor of 8 and 156?
4
Calculate the highest common factor of 18 and 2388.
6
What is the highest common divisor of 114 and 1824?
114
Calculate the greatest common factor of 17 and 299.
1
What is the highest common divisor of 243 and 54?
27
What is the highest common divisor of 714 and 210?
42
Calculate the highest common factor of 50 and 1720.
10
What is the greatest common factor of 283 and 2?
1
What is the greatest common factor of 1465 and 5?
5
What is the highest common divisor of 250 and 2?
2
Calculate the highest common divisor of 13275 and 1800.
225
What is the greatest common divisor of 126 and 84?
42
Calculate the highest common divisor of 10 and 750.
10
What is the greatest common divisor of 55 and 5?
5
What is the greatest common divisor of 1682 and 174?
58
Calculate the highest common factor of 12 and 84.
12
Calculate the greatest common factor of 182 and 1190.
14
Calculate the greatest common factor of 18 and 477.
9
Calculate the highest common factor of 19 and 893.
19
Calculate the highest common divisor of 730 and 250.
10
Calculate the highest common divisor of 420 and 11676.
84
Calculate the greatest common divisor of 3076 and 20.
4
What is the highest common divisor of 79 and 79?
79
Calculate the greatest common divisor of 1035 and 135.
45
Calculate the highest common factor of 861 and 3321.
123
Calculate the greatest common divisor of 44 and 60.
4
Calculate the highest common divisor of 44 and 15884.
44
Calculate the greatest common factor of 212 and 6466.
106
Calculate the greatest common factor of 420 and 36.
12
Calculate the greatest common divisor of 297 and 33.
33
What is the greatest common factor of 72 and 384?
24
What is the greatest common divisor of 336 and 294?
42
What is the greatest common factor of 800 and 1312?
32
What is the greatest common divisor of 33 and 121?
11
What is the greatest common divisor of 6913 and 31?
31
Calculate the highest common divisor of 6 and 234.
6
What is the highest common factor of 183 and 6527?
61
What is the highest common factor of 8 and 1354?
2
Calculate the highest common divisor of 3354 and 4128.
258
What is the greatest common divisor of 25 and 200?
25
Calculate the greatest common divisor of 248 and 15283.
31
Calculate the greatest common divisor of 336 and 5068.
28
What is the highest common divisor of 19504 and 106?
106
What is the highest common factor of 216 and 729?
27
Calculate the greatest common factor of 404 and 6.
2
Calculate the highest common factor of 45 and 165.
15
What is the greatest common divisor of 30 and 21?
3
Calculate the highest common factor of 2 and 2.
2
What is the greatest common factor of 1408 and 52?
4
Calculate the highest common divisor of 43 and 86.
43
What is the highest common divisor of 8 and 1?
1
Calculate the greatest common factor of 416 and 468.
52
What is the highest common factor of 35 and 95?
5
What is the highest common factor of 6 and 174?
6
What is the highest common divisor of 65 and 234?
13
Calculate the greatest common factor of 350 and 14.
14
Calculate the highest common factor of 40 and 5.
5
What is the highest common divisor of 76 and 13756?
76
Calculate the greatest common divisor of 30 and 1110.
30
Calculate the greatest common factor of 128 and 1104.
16
Calculate the highest common factor of 42 and 630.
42
What is the greatest common factor of 7448 and 380?
76
Calculate the highest common factor of 1798 and 232.
58
What is the greatest common divisor of 138 and 7314?
138
Calculate the greatest common factor of 25 and 50.
25
What is the highest common divisor of 1542 and 257?
257
Calculate the greatest common divisor of 17 and 2.
1
Calculate the greatest common factor of 81 and 4311.
9
Calculate the highest common divisor of 42 and 56.
14
What is the highest common divisor of 7 and 12?
1
What is the greatest common divisor of 58 and 203?
29
Calculate the highest common divisor of 3936 and 3198.
246
Calculate the greatest common divisor of 144 and 972.
36
Calculate the highest common factor of 50 and 190.
10
What is the highest common factor of 117 and 1?
1
Calculate the greatest common factor of 391 and 153.
17
What is the highest common divisor of 7 and 12194?
7
Calculate the highest common factor of 176 and 198.
22
What is the greatest common factor of 60660 and 180?
180
What is the greatest common divisor of 312 and 24?
24
Calculate the highest common divisor of 51 and 3.
3
Calculate the highest common factor of 12 and 4616.
4
Calculate the highest common factor of 6 and 282.
6
Calculate the greatest common divisor of 2191 and 7.
7
What is the greatest common factor of 12560 and 32?
16
What is the greatest common factor of 3576 and 48?
24
Calculate the greatest common divisor of 404 and 4.
4
What is the highest common divisor of 3068 and 676?
52
Calculate the highest common divisor of 798 and 63.
21
What is the greatest common factor of 4 and 138?
2
Calculate the greatest common factor of 246 and 3.
3
What is the greatest common factor of 1335 and 15?
15
Calculate the greatest common factor of 5845 and 105.
35
What is the greatest common factor of 13 and 20241?
13
Calculate the highest common divisor of 12 and 432.
12
What is the greatest common divisor of 1225 and 200?
25
Calculate the highest common factor of 4 and 10.
2
Calculate the highest common divisor of 28 and 296.
4
Calcula